lse
Suppose -198 = v + v. Let b be ((-6)/(-1))/(-6) - -179. Let u = v + b. Is u a prime number?
True
Let z(j) be the first derivative of -222*j**2 - 47*j + 36. Is z(-7) prime?
True
Suppose 7275 = 2*r + 13*r. Suppose -r*a + 41559 = -482*a. Is a composite?
True
Let m = 6105 + -3125. Let z = m - -279. Is z composite?
False
Let q = -2137 - -1849. Let v be (-1 - -6 - 0)*-17. Let t = v - q. Is t a composite number?
True
Suppose 2 = 3*s - 13, -5*d - 4*s + 3900 = 0. Suppose -3*n - 5*g + 3323 = 935, 0 = n - 5*g - d. Is n a composite number?
True
Let i = 109 + -44. Let t = i - 41. Let k = 287 + t. Is k a composite number?
False
Suppose 0 = -15*a + 28116 + 118764. Suppose -5*t + 41421 = -3*h, 0 = t - 2*h - a + 1512. Suppose 0 = 3*k + 3*k - t. Is k prime?
True
Suppose -5*t - 17041 = -2*v, -t + 19989 = 3*v - 5564. Is v prime?
False
Is -232958*((-13)/26 - 0) a prime number?
False
Let h(s) = -791*s**3 - 10*s**2 - 8*s - 71. Is h(-6) a prime number?
True
Let u(m) = -16*m - 79. Let n be (39/(-26))/((-3)/26). Let h(i) = -8*i - 39. Let a(j) = n*h(j) - 6*u(j). Is a(-16) a prime number?
False
Let b = -94138 + 158355. Is b a composite number?
False
Let m(d) = d + 9. Let z be m(-6). Suppose -3*t - z*t = -t. Suppose -3*l + 1116 = 2*v + 228, t = 3*v + 5*l - 1331. Is v a prime number?
False
Suppose 55 = 22*i - 55. Suppose 0 = 5*m - 4*x - 36771, -i*x - 29415 = -58*m + 54*m. Is m a prime number?
False
Let f be (3/9)/((-1)/(-2202)). Is f + (4 - 0) + -5 composite?
False
Suppose -22*a = -20*a - 8. Suppose -a*d + 2*d + 6 = 0. Suppose 4*r = -d*i + 3697, -3*i - 4*r + r + 3693 = 0. Is i prime?
False
Suppose 3*u - c + 0*c - 1070 = 0, -c = -u + 354. Suppose -566 = -z - 5*b, -b + 220 = z - u. Is z prime?
False
Suppose 3*m + 51 = 4*n - 0*m, 44 = 4*n + 4*m. Let f be -1*910 - 4/n*0. Let g = f + 1409. Is g composite?
False
Let j = 177 - 175. Suppose 0 = -j*b + 2*s + 23232, -b = 17*s - 13*s - 11591. Is b composite?
True
Let y be (-2)/(-8) + 6518/8. Let a be (-6)/(-15) - 29745/(-75). Suppose -6*q + y = -a. Is q prime?
False
Suppose c - f = 37409 + 649603, 2*c + 2*f = 1374004. Is c a composite number?
False
Let l be 1/(-6) + 1/(24/140836). Let k be (-3)/(l/(-1952) - -3). Suppose 725 + k = v. Is v a prime number?
True
Let l(v) = 283*v - 19. Let a(i) = -283*i + 19. Let h(s) = -4*a(s) - 5*l(s). Let x(q) = -283*q + 19. Let r(u) = -3*h(u) + 4*x(u). Is r(-4) a prime number?
True
Suppose -5*r - 24 = -m, -4*m + 7 + 13 = -r. Is (-2)/r*647 + (-3)/6 composite?
True
Suppose -5*u + 146083 = 77*p - 73*p, -116870 = -4*u - 5*p. Is u a composite number?
True
Suppose -238 = -15*q - 2*q. Let c be 1*-3 - (-6664)/q. Is (c/3)/(27/81) a prime number?
False
Let z(i) = -23*i**2 - 3*i + 11. Let u(g) = g**2 + 1. Let m(b) = u(b) - z(b). Is m(11) a composite number?
False
Let q(m) = m**2 - 13*m - 9. Let t(z) = z**3 + 12*z**2 - 3*z - 19. Let d be t(-12). Is q(d) a prime number?
True
Is 330/132 - 91269/(-2) a prime number?
False
Let i = -1816 - -3145. Let y = 44 + -64. Is i/2 + y/(-8) a prime number?
False
Let s = 2380 + 33049. Is s composite?
True
Suppose 2291*v - 732381 = 2252*v. Is v a composite number?
True
Let y(j) = -397*j + 101. Let r be y(-15). Suppose -4*q = -2*v - 6052, -2*v - v = -4*q + r. Is q a composite number?
False
Let q = 48400 + -12369. Is q composite?
True
Suppose -119*a = -125*a + 18. Suppose -a*x + 5*b = -28147, -2*x + 4*b + 18756 = 5*b. Is x a prime number?
False
Suppose 0 = -4*r - 2*b + 216998, -3*r + 217543 - 54805 = 5*b. Is r a prime number?
True
Suppose 0 = -j - 26*j. Suppose -4*s + 52723 = 3*b, -2*b + j*s = -5*s - 35118. Is b prime?
True
Suppose 88 = 8*h - 0*h. Let b be 16247/(h - 4) + (-4 - 0). Suppose -11*x + 18*x - b = 0. Is x a prime number?
True
Suppose 365 = -2*r + 35. Let m be (-66)/r - 1546*11/(-10). Let u = m - 1024. Is u composite?
False
Let f(r) = 6*r**2 - 92*r + 3. Suppose 3*s + 2*s - 5*q - 140 = 0, -s - 2*q + 40 = 0. Is f(s) composite?
False
Is (-2 + 2 + 67618)*(-874)/(-1748) prime?
True
Let j = 135075 + 6218. Is j a prime number?
False
Let a(c) = c**2 + 16*c + 47. Let s be a(-12). Let x(t) = -2460*t**3 - t**2 + 3*t + 5. Is x(s) prime?
False
Let i(k) = -5*k**2 - 3*k + 5. Let j be i(1). Is (-1 - 1 - -90) + j a prime number?
False
Let p(w) = 566*w**2 - 49*w + 136. Is p(19) composite?
False
Suppose -3*v - 5*f = -0*f - 71, -f = v - 23. Let k be (-50956)/v + 18/99. Let l = k + 3575. Is l a prime number?
True
Suppose 405*w = 822*w - 401*w - 1014544. Is w composite?
False
Suppose 2*s - 4*b = -8, 4*b = 7*s - 11*s - 64. Is 8/(-2) - (s - 9519) a prime number?
False
Let g(o) = -19*o**3 - o**2 + 3*o + 3. Let y be 2*-3*4/12. Let a be g(y). Suppose 14*s - a = 13*s. Is s composite?
True
Suppose 3*z + 264 = -z. Let r = z + 49. Is (r - -17) + (490 - -1) a prime number?
True
Let k(s) = 379*s + 8. Let j(q) = -5*q - 5. Let m(p) = -3*p - 3. Let u(v) = 4*j(v) - 7*m(v). Let l(i) = k(i) - 5*u(i). Is l(1) a prime number?
False
Let x be 2 + (-4)/2*-3. Let m = x + -8. Suppose m = 5*z - w - 247, -4*w - w - 59 = -z. Is z a composite number?
True
Let g(u) be the third derivative of -25*u**4/6 - 73*u**3/3 + 17*u**2. Is g(-42) prime?
False
Let l(f) = 28*f**2 - 2*f + 2. Let w be l(3). Let x = -462 + w. Let y = 729 - x. Is y a prime number?
False
Suppose 0 = -4*b - 4*y + 759000, -51*b + 5*y = -50*b - 189756. Is b prime?
False
Let o be (-2 - (-1383)/(-2)) + 3/6. Let z = 2554 + o. Suppose -5464 - z = -5*l. Is l a composite number?
True
Suppose 27*m + 319563 - 393145 - 1215911 = 0. Is m a prime number?
False
Let f = -121985 - -377184. Is f composite?
True
Let q = 74 - 76. Let y = q + 6. Suppose -4*c - 3764 = -8*c - 4*u, 3*c + y*u = 2827. Is c prime?
True
Suppose 542320 - 394528 = 15*y - 881433. Is y a prime number?
False
Let p(s) = -3*s**3 + 19*s**2 - 7*s + 6. Let t be p(6). Suppose -r + 11 + 16 = t. Suppose -2259 = -30*i + r*i. Is i a composite number?
True
Suppose 0 = 5*t, 4*l - t = 3*l + 458119. Is l a prime number?
True
Suppose 5*a - 81 = -4*c, -a + 30*c = 35*c - 33. Let v(x) = 21*x**2 - 21*x + 157. Is v(a) prime?
True
Suppose -1045 - 1683 = -4*d. Let s = 2328 - d. Let c = 3631 - s. Is c composite?
True
Suppose 0 = j - 16 + 26. Let a = 17 + j. Suppose 4*c = a*c - 3261. Is c a composite number?
False
Let m be 38 + (3 - 4)*3/1. Suppose -m*d + 80771 = 2*d. Is d composite?
True
Let t(x) = 11*x**2 - 38*x - 15. Let c be t(5). Suppose -61*i + c*i - 48717 = 0. Is i composite?
False
Is 165729/3 - (-5 - (-6 + -7)) composite?
True
Let v(l) = -l + 25. Let g be v(13). Suppose -56 + g = 4*t + 4*b, 8 = 2*t - 4*b. Is t*4/40*-115 a composite number?
True
Let c = -3172 - -861. Is (-5)/(5/3) - (-1 + c) prime?
True
Let o(n) = n**2 + 5*n. Let a be o(-5). Let f(x) = 686 - 475 + 2*x + 0*x. Is f(a) a prime number?
True
Suppose 0 = 4*v + 52 - 200. Suppose 38*r - 491 = v*r. Is r a prime number?
True
Suppose -4*n + 4*p + 5 = 25, -2*n + 3*p = 8. Let u(s) be the first derivative of 2*s**3/3 + 3*s**2 - 7*s - 2. Is u(n) a prime number?
False
Suppose 0 = -2*i + 6*i - 728. Let p(y) = y**3 - 4*y**2 - 5*y + 5. Let x be p(5). Suppose x*m - i = -7. Is m a composite number?
True
Suppose 32*w + 482855 = 1164877 + 1432122. Is w a composite number?
False
Let x(y) = y**3 + 3*y**2 + 4*y + 2. Let h be x(-4). Suppose -170 = -0*k - 2*k + 3*m, -k + m = -85. Let o = h + k. Is o composite?
True
Let c(q) = -45*q**2 - 6*q - 1. Let a be c(3). Is 8/36 - 131*a/18 a prime number?
False
Suppose 0 = -2*r, -o - 2*r + 44867 = 2*r. Is o a prime number?
True
Is 8016048/(-32)*(-2)/3 - -8 prime?
True
Let s be 69*265/15*8. Let f = -6351 + s. Is f a composite number?
True
Suppose -2085503 = -17*a + 426060. Is a a prime number?
True
Is 1102616/22 + (-12 - (-1197)/99) a prime number?
True
Suppose -938*x = -4*i - 939*x + 5509615, -2*i - 4*x + 2754818 = 0. Is i composite?
False
Is (12 + -43754)/((-6)/3) a composite number?
False
Suppose -5*c + 94155 = -6*r + 8*r, -5*c + 94135 = -2*r. Is c a composite number?
True
Suppose 0 = -46*u + 45*u + 3. Suppose o = j + 2 - 7, u*o - 1 = -j. Is ((-631)/(-5))/(o/(-5)) prime?
True
Let b = -29 - -32. Suppose -t = 3*t - l - 22725, b*l + 5684 = t. Suppose -t = -4*a + 3299. Is a a prime number?
False
Let x(l) be the first derivative of -l**3/3 + 17*l**2/2 + 16*l + 2. Suppose 5*q - 4*t = 8*q - 33, -72 = -4*q + 4*t. Is x(q) prime?
False
Is (-3)/